5
Let h = 22 + -25. Let f be (4/6)/(2/30). Let j(q) = q**2 + 0*q**2 - 12 + f + q. Give j(h).
4
Let h(c) = 2*c + 1. Let x be h(-1). Let o(g) be the second derivative of 1/6*g**3 - 1/5*g**5 + 0 + 2*g + 1/6*g**4 + 0*g**2. What is o(x)?
5
Let l(q) = -q + 2. Let y = -138 - -138. What is l(y)?
2
Let h(b) = 8*b - 7*b - b**3 - 2*b**3 - 2*b**2. Determine h(1).
-4
Let q be 6*(1 + 1 + -3). Let c(i) = -i + 2. Calculate c(q).
8
Let d(i) = 12*i**2 - 2*i + 1. Let y(t) = 7*t + 6. Let b(p) = -6*p - 5. Let v(j) = -6*b(j) - 5*y(j). Let w be v(1). Give d(w).
11
Let h(m) = 4*m**3 - 3*m**3 - 7*m**2 + 5*m - 3 + 0*m**3. Suppose -5*b + t + 31 = 0, 5*b = 7*b + t - 11. Calculate h(b).
-9
Let z(g) = 5*g**3 + 9*g**2 - 5*g + 2. Let h(a) = -2*a**3 - 3*a**2 + 2*a - 1. Let l(s) = 8*h(s) + 3*z(s). Let d(j) = j + 3. Let v be d(0). Determine l(v).
1
Suppose 2*f + 18 = -3*o, 2*o + 1 = -3. Let k(i) = i**3 + 6*i**2 - i + 1. Determine k(f).
7
Let w(y) = 6*y + 2*y - 2*y - 5 - y**2. Determine w(4).
3
Let c(h) = -h**3 - 4*h**2 + h - 6. Let z be 8/(-60) - 8/(-60). Let f be 25/(-5)*(1 - z). Determine c(f).
14
Let o(h) = 4*h - 9. Suppose -2*x = -4*x - 3*n, -4*n = 4*x - 8. Calculate o(x).
15
Let s(r) = 3*r - 1. Let q(h) = 9*h - 3. Let b(z) = 4*q(z) - 11*s(z). Let l be -1*-2*1/2. What is b(l)?
2
Let w(o) be the first derivative of -o**5/120 + o**4/24 + 2*o**3/3 - 4. Let x(k) be the third derivative of w(k). What is x(1)?
0
Let i(o) = -2*o**2 - 2*o + 1. Let p be (-2 - -1) + (-4)/(-1) + -6. Calculate i(p).
-11
Let o be (-13 - -25) + 0 + 0. Let v(y) = -12*y**2 - 4*y + o*y**2 + 3 + y**3. Let h(u) = u - 3. Let l be h(5). Calculate v(l).
3
Let x(q) = -q**3 - 2*q**2 + 2*q - 2. Let y be x(-3). Suppose 4*r + j - 4*j = -4, -3*r + 2*j = 2. Let k(m) = 5 + 6*m**r - 6 + 0*m + 2*m. What is k(y)?
7
Suppose 0 = -18*i - 8 + 80. Let a(n) = -2*n + 3. Calculate a(i).
-5
Suppose -3*m + 5*m = -16. Let u = m + 4. Let z(n) = -4*n**3 + 1 + n + 4 + 3*n**3 - 4*n**2. What is z(u)?
1
Let r = 11 + -17. Let u = r + 4. Let i(g) = g**2 + 1. Give i(u).
5
Let m(k) be the second derivative of -k**4/12 + k**3/6 + k**2 - k. Let y be (-55)/22 + (-44)/(-8). Determine m(y).
-4
Suppose d = -d - 20. Let c be (-2)/(4/d - 0). Let x(s) = s**2 - 6*s + 6. Determine x(c).
1
Let i = -17 + 19. Let c(p) = 4*p**3 - 5*p**2 + 4*p + 1. Let m(f) = -5*f**3 + 5*f**2 - 4*f - 2. Let g(a) = -4*c(a) - 3*m(a). Determine g(i).
6
Let m(a) be the second derivative of a**3/6 + 2*a**2 + 16*a. What is m(6)?
10
Let j(h) be the second derivative of h**5/30 - h**4/8 - h**3/6 - h. Let i(o) be the second derivative of j(o). Let b be (-10)/3*42/(-70). What is i(b)?
5
Let y = 4 + -5. Let o = y - -2. Let d be -3*(o/3)/(-1). Let f(m) = 5*m**2 + 2*m - 1. What is f(d)?
6
Let d(x) = -x**3 - 3*x**2 + 3*x + 2. Let a = -11 + 13. Suppose 3*t + 9 = 2*t - a*f, 0 = -5*t + 2*f - 9. What is d(t)?
-7
Let g(q) be the second derivative of -q**4/12 - q**3 + 2*q**2 - 2*q. What is g(-6)?
4
Let q be (-2)/3 + 40/(-12). Let o(t) = -5*t**2 - 4 - 4*t - t + 0*t - t**3. What is o(q)?
0
Let w be -2 + (0 + 2 + -3 - -9). Let p(i) = -i + 0 + 10 + 0*i. What is p(w)?
4
Let d(n) = n - 443 - 2*n + 433. Calculate d(-9).
-1
Let u(k) = 0*k**2 + 6 + k**2 + 0*k**2 - 7*k. Suppose 3*w + 8 - 29 = 0. Calculate u(w).
6
Let p(a) = 5*a**3 - 4*a**2 + 9*a - 6. Let t(x) = -9*x**3 + 8*x**2 - 17*x + 11. Let u(i) = -7*p(i) - 4*t(i). Let h = 18 + -15. Give u(h).
4
Let v = 15 + -11. Let j(c) be the second derivative of -c**5/20 + c**4/2 - 5*c**3/6 - 3*c**2/2 + c. Calculate j(v).
9
Let s(f) = -2*f - 7. Let y be s(-5). Suppose -5*o + 16 = 4*p, 9 = -4*o - 4*p + 25. Let i(d) = d**2 + 2*d - 7*d + o*d + 3. Determine i(y).
-3
Let s(j) = j**3 - 4*j**2 + 4*j - 3. Let z = 1 - -2. Determine s(z).
0
Let h(r) be the third derivative of -r**5/60 - r**4/12 + 14*r**2. Determine h(-4).
-8
Let t be 2 - 0 - 3 - 6. Let l(f) = -f**2 - 7*f - 3. Let y be l(t). Let d(s) = s + 5. Determine d(y).
2
Suppose 3*j = -j. Suppose 0 = 4*o - 3*o - 2. Let s(r) = -7 - 1 - r - o*r**2 + 3*r**2 + 2. What is s(j)?
-6
Let t(a) = -a**2 - 8*a - 4. Suppose 0 = -3*h + 6 + 18. Let i = h - 13. Give t(i).
11
Let d(a) = 6*a + 2. Let o(g) = -3*g + 29. Let n be o(9). What is d(n)?
14
Let y(i) = i**2 + 6*i + 3. Let p(r) = 2*r - 27. Let a be p(11). Calculate y(a).
-2
Let w(f) be the second derivative of f**5/20 + f**4/3 + f**3/3 - f**2/2 - 2*f. Suppose -5*r + 28 = -v, 0 = 4*v - 3*v + r - 2. Determine w(v).
2
Let z = -2 - 3. Let f(p) be the second derivative of p**4/12 + 2*p**3/3 + 3*p**2/2 - 4*p. Determine f(z).
8
Let b(j) = j**3 - 5*j**2 + 4. Let s(a) = a**2 + a. Let q(t) = b(t) + 2*s(t). What is q(3)?
10
Suppose -2*l + 50 - 64 = 0. Let a(k) = k**2 + 8*k. Determine a(l).
-7
Let l(g) = 3*g - 3*g**3 + 0*g + 6*g - 6*g**2 + 9 + 2*g**3. Give l(-7).
-5
Let w(h) = -h**2 + 2*h - 4. Let l(c) be the second derivative of -c**5/20 + 3*c**4/4 + 11*c**3/6 - 7*c**2/2 + 6*c. Let s be l(10). Calculate w(s).
-7
Let i(o) = 3*o - 8 - 2*o - 2*o + 0*o. Let y(t) = t**2 + t. Let q be y(-3). Let c = -12 + q. Calculate i(c).
-2
Let l be 6/(-4)*4/(-6). Suppose -2*h = -2*y - 4*h - 10, -14 = -2*y + 4*h. Let c be (-1)/l*y*-4. Let m(o) = o**2 + 3*o + 4. Calculate m(c).
8
Let i be (-2)/8 + (-130)/(-40). Let s(a) = -i*a**2 - 2*a**3 + a**3 + 0*a**2 + a + a - 3. Determine s(-4).
5
Let g(i) = i**3 + 7*i**2 + 8*i + 5. Let t be g(-6). Let s(w) = w**3 + 7*w**2 - w - 5. Determine s(t).
2
Suppose -14 = 5*p + 6. Let s(r) = -r**2 - 8*r - 6. Give s(p).
10
Let g(j) = j**2 - 2*j - 4. Let s(z) = -10*z - 66. Let l be s(-7). What is g(l)?
4
Let t be (-3)/(-9)*9*-1. Suppose 0 = 2*i - 2. Let f(a) = 0*a + 5*a - a - i + a**2. Determine f(t).
-4
Let s(x) = 3*x**3 + 3*x**2 + 2*x. Let y be (-3 - -4)/(-1 + 2) - 3. Determine s(y).
-16
Let j(p) = -10*p + 4. Let n(t) = -5*t + 2. Let v(b) = -2*j(b) + 5*n(b). Calculate v(2).
-8
Suppose 4*o - 3 - 13 = 0. Let h(t) = 3*t - 2*t + 3*t**2 + 2 - o*t**2. Calculate h(-2).
-4
Let d(n) = -5*n - 3. Let s = 9 - 5. Suppose s*b + 10 = -b. Give d(b).
7
Let d(u) = -11*u**3 + 10*u**2 - 4*u - 5. Let v(z) = -6*z**3 + 5*z**2 - 2*z - 3. Let w(o) = 4*d(o) - 7*v(o). Determine w(3).
-14
Let o(i) = -i**2 + i - 1. Suppose -4*w + 5*p = -w - 7, 5*w = p - 3. Let s(y) = -y**3 + 9*y**2 - 7*y + 1. Let k(u) = w*s(u) - 4*o(u). Calculate k(4).
-1
Let c(p) = -2 - 1 - 2*p**2 - 2*p**2 + 5*p + 3*p**2. Let h(b) = b**3 - b**2 + 3*b - 1. Let a be h(2). Suppose g + a = 4*g. What is c(g)?
3
Let m(p) = p + 4. Let w be m(7). Suppose 2*l + 1 = w. Suppose -l*z = 3*f - f + 14, 2*z + 8 = -2*f. Let d(s) = -s**2 + 1. Calculate d(f).
-3
Let y(u) be the first derivative of u**4/4 - u**3/3 - 7. Give y(-1).
-2
Let k(v) = 7*v**2 + v - 12. Let l(o) = -4*o**2 + 6. Let z(r) = 3*k(r) + 5*l(r). What is z(-5)?
4
Let j(r) be the third derivative of -r**7/2520 + r**5/12 + 2*r**2. Let t(h) be the third derivative of j(h). Determine t(-1).
2
Suppose 0 = -2*z + 11 - 3. Let t(y) = y**2 - 6*y + 2. Calculate t(z).
-6
Let n(b) be the third derivative of 0 + 2*b**2 + 0*b - 1/12*b**4 - 1/2*b**3. Let k be n(-2). Let m(d) = 2*d**2 + d. What is m(k)?
3
Let b(t) = -t**3 - 6*t**2 + 5*t + 4. Suppose -44 = 9*i + 10. What is b(i)?
-26
Let x(y) = -y**2 + 9*y + 9. Let t = 150 - 140. Give x(t).
-1
Suppose 7*u = 5*u + 8. Suppose 2 = 2*g, -u*l + 2*g = -2 - 0. Let p(b) = 10*b. What is p(l)?
10
Suppose -4 = -3*a + 2. Let l(q) = -9 - 3*q**2 + 3*q**3 + 3 + 2*q**a - 2*q**3 - q. Determine l(0).
-6
Let r(z) be the first derivative of z**2/2 - z + 4. Let v be r(3). Let g(n) be the first derivative of n**3/3 - n**2 - 2. Determine g(v).
0
Let t(c) = -13*c**2 + 15*c**2 - 7*c**2. Give t(-1).
-5
Let w(j) = -2*j - 1. Let d(m) = 2*m**2 + 11*m + 20. Let l be d(-4). Determine w(l).
-17
Let f(d) = d**2 + 0*d**2 + 4 + 5*d - 2*d**2. Let t(u) = u**2 + 2*u - 3. Let s be t(-3). Let x = 5 + s. Determine f(x).
4
Let l be 1*8 - 9/3. Let h(v) = l + 9 - 2*v - v + 4*v. What is h(-6)?
8
Let d be (6/(-5))/(6/(-40)). Let v = -6 + d. Suppose -p = 5*i + 6, -4*p + 1 = -v*i + 3. Let m(g) = 6*g**2. Calculate m(p).
6
Let h(r) be the first derivative of r**2/2 + 3*r + 3. Let c = 3 - -1. Suppose -c*t = t + 25. What is h(t)?
-2
Let w(x) be the third derivative of x**4/24 - 17*x**3/6 + 46*x**2. Determine w(9).
-8
Suppose -n - 12 = 2*o, -2*o - 2 = -0*o. Let t be (-12)/5 + (-4)/n. Let b(m) = 1 + 2 + 0 + 5*m